75082?
127
What is the highest common factor of 3205421 and 7585?
1517
Calculate the greatest common factor of 9 and 123633153.
9
Calculate the greatest common factor of 4167 and 3096.
9
What is the greatest common divisor of 2793 and 588539?
49
Calculate the greatest common factor of 179389002 and 248.
62
Calculate the greatest common divisor of 3775 and 5725.
25
What is the highest common divisor of 8170 and 107320303?
817
Calculate the greatest common divisor of 25651861 and 51.
17
What is the greatest common factor of 5298 and 7368?
6
What is the highest common factor of 2201121 and 58617?
351
Calculate the highest common factor of 3740 and 2305710.
1870
Calculate the greatest common factor of 111 and 109493656.
37
Calculate the highest common factor of 102317895 and 44895.
1095
What is the highest common divisor of 700098 and 224?
14
What is the greatest common factor of 9778531 and 523?
523
Calculate the greatest common factor of 2468 and 27843976.
2468
Calculate the highest common divisor of 23588056 and 5216.
1304
Calculate the highest common divisor of 1272 and 363384.
24
Calculate the highest common divisor of 950 and 38061750.
950
What is the greatest common factor of 43 and 4208926?
43
What is the greatest common factor of 748 and 1733919?
11
Calculate the greatest common factor of 1196 and 3720112.
92
What is the greatest common divisor of 858662 and 210?
14
What is the greatest common divisor of 41615 and 49273?
7
Calculate the greatest common divisor of 180614 and 13034.
1862
Calculate the greatest common divisor of 60 and 559438120.
20
Calculate the highest common factor of 2256 and 3117604.
188
Calculate the highest common factor of 1725262 and 41888.
2618
What is the greatest common factor of 1371 and 957772374?
1371
What is the highest common divisor of 6860 and 511490?
70
Calculate the greatest common factor of 14107930 and 24160.
1510
Calculate the greatest common divisor of 2028195800 and 200.
200
What is the greatest common divisor of 3240 and 316860?
60
Calculate the highest common factor of 32024105 and 105440.
3295
What is the highest common divisor of 835989 and 46585?
847
Calculate the highest common divisor of 21 and 419907.
3
Calculate the highest common divisor of 3 and 42089649.
3
What is the greatest common factor of 1804039 and 781?
71
What is the highest common factor of 1146258 and 366?
6
Calculate the greatest common factor of 863 and 152510223.
863
What is the greatest common divisor of 6419298 and 215?
43
What is the greatest common factor of 112480 and 1080?
40
What is the highest common divisor of 146533 and 2493177?
529
What is the greatest common divisor of 2087999677 and 157?
157
Calculate the highest common factor of 37401801 and 423.
141
Calculate the highest common divisor of 52856776 and 280.
56
Calculate the highest common divisor of 13792097 and 1199.
1199
Calculate the highest common divisor of 324338949 and 9405.
1881
What is the highest common divisor of 819 and 25599357?
63
What is the greatest common factor of 9024 and 114116?
188
What is the highest common divisor of 13891997 and 14?
7
Calculate the greatest common factor of 294624 and 67584.
1056
What is the highest common factor of 2672476 and 113879?
433
What is the greatest common factor of 1 and 5516385?
1
Calculate the greatest common factor of 278100360 and 20700.
4140
Calculate the greatest common factor of 343820421 and 21.
21
Calculate the greatest common factor of 1990561 and 35029.
1523
What is the highest common factor of 202243836 and 1164?
1164
What is the greatest common divisor of 237978 and 9621950?
2938
Calculate the greatest common factor of 21775500 and 8500.
500
What is the highest common factor of 533304918 and 648?
54
Calculate the greatest common divisor of 2224420770 and 390.
390
Calculate the highest common factor of 5098378 and 1850.
74
Calculate the highest common factor of 228 and 1754061.
57
Calculate the highest common factor of 746651 and 2460.
41
What is the greatest common divisor of 7474670 and 1190?
70
What is the greatest common factor of 275 and 5319692125?
275
Calculate the highest common factor of 67276 and 2191752.
556
Calculate the highest common factor of 110781 and 64933.
11
Calculate the highest common factor of 7956 and 6289660.
884
What is the greatest common divisor of 3496 and 20438053?
437
What is the greatest common divisor of 5580 and 8283882?
186
Calculate the greatest common divisor of 36636732 and 6831.
297
Calculate the greatest common factor of 25972 and 115756.
172
What is the greatest common divisor of 30402 and 426754?
1126
Calculate the greatest common divisor of 387 and 6927147.
9
Calculate the greatest common factor of 69917497 and 182.
13
What is the greatest common factor of 3818 and 56879?
23
What is the highest common factor of 69 and 650746521?
69
What is the greatest common factor of 41976538 and 410?
82
Calculate the greatest common divisor of 11496813 and 2862.
159
Calculate the greatest common factor of 234742 and 1322.
2
What is the highest common factor of 618 and 202696893?
309
Calculate the highest common factor of 105 and 6329274.
21
Calculate the greatest common divisor of 179592 and 61194.
42
What is the highest common factor of 122 and 7609079?
61
Calculate the highest common factor of 181 and 26197216.
181
Calculate the greatest common divisor of 19002544 and 7234832.
17776
Calculate the greatest common divisor of 14 and 235767700.
14
Calculate the greatest common divisor of 12679536 and 156.
12
Calculate the highest common factor of 10323038 and 198.
22
What is the highest common divisor of 973108 and 804?
268
Calculate the greatest common factor of 57 and 232670181.
57
Calculate the highest common divisor of 3141675 and 30.
15
What is the greatest common factor of 124096 and 245?
7
Calculate the greatest common divisor of 72 and 57494916.
36
Calculate the greatest common divisor of 133 and 349254637.
19
Calculate the greatest common divisor of 2667 and 1171779.
21
What is the greatest common factor of 1163523795 and 14?
7
Calculate the greatest common divisor of 25204690 and 93562.
2282
Calculate the highest common divisor of 424 and 15101078.
106
Calculate the highest common divisor of 15225 and 10257387.
609
Calculate the greatest common factor of 679680 and 54592.
64
What is the greatest common factor of 1099 and 8921839?
157
What is the greatest common divisor of 122481 and 378603?
279
Calculate the greatest common factor of 130624 and 32537936.
2512
Calculate the greatest common divisor of 997741 and 6.
1
What is the highest common divisor of 5546320 and 7020?
260
Calculate the greatest common factor of 2611512 and 122949.
171
Calculate the highest common divisor of 54104284 and 182.
26
Calculate the highest common divisor of 117296 and 353744.
16
What is the highest common factor of 1898200 and 200?
200
What is the highest common factor of 10990 and 252767802?
2198
What is the greatest common divisor of 1689009 and 73?
1
What is the highest common divisor of 5802321 and 18445?
119
What is the greatest common divisor of 494 and 428963?
19
What is the highest common divisor of 9397036 and 1804?
1804
What is the greatest common divisor of 10871883 and 693?
99
Calculate the greatest common divisor of 96 and 119199576.
24
Calculate the highest common divisor of 88825 and 30331400.
4675
Calculate the greatest common factor of 18830 and 21520.
2690
Calculate the highest common factor of 123 and 221479581.
123
What is the greatest common divisor of 2905137 and 7011?
369
What is the greatest common factor of 1118791252 and 27444?
9148
What is the greatest common factor of 272130274 and 166?
166
Calculate the greatest common factor of 172 and 32198744.
172
Calculate the highest common factor of 421488 and 192.
48
Calculate the highest common divisor of 7680894 and 24.
6
Calculate the greatest common divisor of 128746234 and 1464.
122
Calculate the highest common divisor of 28622464 and 26780.
5356
Calculate the highest common divisor of 7402524 and 12.
12
Calculate the greatest common factor of 2005412230 and 10.
10
What is the greatest common divisor of 840 and 1381695?
105
Calculate the highest common divisor of 912648 and 616.
88
What is the highest co